ided by 2004.
795
Calculate the remainder when 6566882 is divided by 1.
0
Calculate the remainder when 1332911 is divided by 366.
305
What is the remainder when 276534 is divided by 649?
60
Calculate the remainder when 1173470 is divided by 1173459.
11
Calculate the remainder when 2558244 is divided by 95.
84
Calculate the remainder when 1078000 is divided by 25.
0
Calculate the remainder when 345213 is divided by 24658.
1
Calculate the remainder when 398816 is divided by 1024.
480
What is the remainder when 35088 is divided by 1032?
0
What is the remainder when 30542081 is divided by 559?
557
What is the remainder when 52936306 is divided by 14?
10
Calculate the remainder when 1032965 is divided by 114773.
8
Calculate the remainder when 657969 is divided by 1597.
5
Calculate the remainder when 1006473 is divided by 5.
3
What is the remainder when 223851 is divided by 4386?
165
Calculate the remainder when 13019 is divided by 6.
5
What is the remainder when 2623462 is divided by 579?
13
Calculate the remainder when 292654 is divided by 3609.
325
Calculate the remainder when 27112 is divided by 3724.
1044
Calculate the remainder when 5822 is divided by 3128.
2694
What is the remainder when 152888 is divided by 3598?
1772
Calculate the remainder when 67071 is divided by 9472.
767
What is the remainder when 5176875 is divided by 31?
30
What is the remainder when 386144 is divided by 385383?
761
Calculate the remainder when 294795409 is divided by 11.
7
Calculate the remainder when 26208020 is divided by 1664.
20
What is the remainder when 681744 is divided by 340655?
434
What is the remainder when 230312 is divided by 47?
12
What is the remainder when 120938837 is divided by 4479216?
5
Calculate the remainder when 6914429 is divided by 644.
445
What is the remainder when 2024397 is divided by 954?
9
What is the remainder when 25062 is divided by 12383?
296
Calculate the remainder when 11149 is divided by 4503.
2143
What is the remainder when 31322 is divided by 31126?
196
What is the remainder when 114308 is divided by 1504?
4
Calculate the remainder when 118274 is divided by 122.
56
What is the remainder when 7274384 is divided by 83?
15
Calculate the remainder when 34208 is divided by 1147.
945
What is the remainder when 2204603 is divided by 3242?
43
What is the remainder when 68054 is divided by 1283?
55
Calculate the remainder when 1379726 is divided by 45980.
326
Calculate the remainder when 32084489 is divided by 2297.
2290
Calculate the remainder when 116072 is divided by 8489.
5715
What is the remainder when 825672 is divided by 165134?
2
What is the remainder when 2697861 is divided by 93028?
49
Calculate the remainder when 184495 is divided by 46116.
31
What is the remainder when 6834274 is divided by 786?
4
What is the remainder when 8311613 is divided by 1385232?
221
Calculate the remainder when 3427982 is divided by 192.
14
What is the remainder when 11206 is divided by 677?
374
What is the remainder when 29533173 is divided by 7312?
5
What is the remainder when 51305 is divided by 2158?
1671
What is the remainder when 728636226 is divided by 2853?
2850
Calculate the remainder when 11840626 is divided by 2368121.
21
Calculate the remainder when 3276047 is divided by 318.
11
What is the remainder when 3761126173 is divided by 15?
13
What is the remainder when 7656632 is divided by 450390?
2
Calculate the remainder when 82323 is divided by 16412.
263
What is the remainder when 11737 is divided by 2026?
1607
Calculate the remainder when 327142606 is divided by 328.
326
Calculate the remainder when 64563 is divided by 154.
37
What is the remainder when 138254796 is divided by 16?
12
Calculate the remainder when 4490607 is divided by 28242.
129
Calculate the remainder when 99846 is divided by 18635.
6671
Calculate the remainder when 2160551 is divided by 3865.
16
Calculate the remainder when 72893680 is divided by 86.
80
Calculate the remainder when 1241291 is divided by 1980.
1811
What is the remainder when 107823448 is divided by 2418?
2410
What is the remainder when 433471 is divided by 450?
121
Calculate the remainder when 711065 is divided by 397.
38
What is the remainder when 838566 is divided by 511?
15
Calculate the remainder when 592747 is divided by 24.
19
What is the remainder when 10173650 is divided by 77071?
278
Calculate the remainder when 3346251 is divided by 28.
27
What is the remainder when 6811159 is divided by 567596?
7
What is the remainder when 10331309 is divided by 505?
19
Calculate the remainder when 39164874 is divided by 385.
364
What is the remainder when 25924625 is divided by 1326?
1325
What is the remainder when 18038 is divided by 1115?
198
What is the remainder when 68140 is divided by 426?
406
What is the remainder when 3677670419 is divided by 15?
14
Calculate the remainder when 9266458 is divided by 68640.
58
Calculate the remainder when 303798 is divided by 1168.
118
Calculate the remainder when 140903 is divided by 139845.
1058
Calculate the remainder when 5589163 is divided by 156.
151
What is the remainder when 71773666 is divided by 11?
8
What is the remainder when 209275 is divided by 168?
115
Calculate the remainder when 5762759 is divided by 101101.
2
Calculate the remainder when 44826625 is divided by 37.
15
What is the remainder when 321816 is divided by 285?
51
Calculate the remainder when 26889 is divided by 26688.
201
Calculate the remainder when 579943 is divided by 19.
6
Calculate the remainder when 3521888 is divided by 474.
68
Calculate the remainder when 11380534 is divided by 138787.
0
What is the remainder when 4007 is divided by 1689?
629
Calculate the remainder when 188446 is divided by 216.
94
Calculate the remainder when 1047383 is divided by 685.
18
What is the remainder when 110940204 is divided by 36980067?
3
What is the remainder when 1540392 is divided by 323?
5
What is the remainder when 2234405 is divided by 294?
5
Calculate the remainder when 571005 is divided by 42.
15
Calculate the remainder when 4488625 is divided by 854.
1
What is the remainder when 4994080 is divided by 2612?
2548
Calculate the remainder when 909973 is divided by 1679.
1634
What is the remainder when 12295 is divided by 3030?
175
What is the remainder when 403004184 is divided by 16?
8
Calculate the remainder when 195022 is divided by 2037.
1507
Calculate the remainder when 1106434 is divided by 184404.
10
Calculate the remainder when 733942 is divided by 7976.
150
What is the remainder when 8201119 is divided by 831?
811
What is the remainder when 182667 is divided by 9864?
5115
What is the remainder when 256938 is divided by 2314?
84
Calculate the remainder when 228291 is divided by 252.
231
Calculate the remainder when 54019 is divided by 3055.
2084
What is the remainder when 127877 is divided by 691?
42
What is the remainder when 4408227 is divided by 90?
27
What is the remainder when 95766 is divided by 117?
60
Calculate the remainder when 18220216 is divided by 122283.
49
Calculate the remainder when 54224 is divided by 27072.
80
What is the remainder when 100881 is divided by 3874?
157
Calculate the remainder when 1205172 is divided by 1609.
31
Calculate the remainder when 1954443 is divided by 217155.
48
What is the remainder when 4015850 is divided by 227?
220
What is the remainder when 3943 is divided by 1301?
40
What is the remainder when 213182551 is divided by 373?
369
What is the remainder when 3033184 is divided by 62?
20
Calculate the remainder when 120858153 is divided by 282.
3
What is the remainder when 2808628 is divided by 43?
40
What is the remainder when 174049 is divided by 19154?
1663
What is the remainder when 4067539 is divided by 99?
25
Calculate the remainder when 417667 is divided by 69601.
61
What is the remainder when 6169417 is divided by 3988?
3969
Calculate the remainder when 3901092 is divided by 213.
210
What is the remainder when 894271 is divided by 6064?
2863
Calculate the remainder when 268737 is divided by 33.
18
What is the remainder when 2735763 is divided by 1367880?
3
Calculate the remainder when 11615344 is divided by 7219.
7192
Calculate the remainder when 111573 is divided by 18586.
57
What is the remainder when 133031 is divided by 1176?
143
Wh